56?
3399
Calculate the remainder when 363161 is divided by 542.
21
Calculate the remainder when 1074894 is divided by 537430.
34
What is the remainder when 184246 is divided by 26122?
1392
What is the remainder when 182246549 is divided by 1634?
1627
Calculate the remainder when 15257 is divided by 1282.
1155
Calculate the remainder when 440785 is divided by 82.
35
Calculate the remainder when 134466792 is divided by 201.
3
Calculate the remainder when 4897543 is divided by 490.
483
Calculate the remainder when 3715596 is divided by 1751.
1725
What is the remainder when 33735633 is divided by 370721?
22
Calculate the remainder when 7699422 is divided by 42073.
63
Calculate the remainder when 12259370 is divided by 203.
200
What is the remainder when 7099117 is divided by 42?
25
What is the remainder when 24201443 is divided by 4041?
3935
Calculate the remainder when 1293433 is divided by 30795.
43
Calculate the remainder when 3615453 is divided by 54.
45
What is the remainder when 2785393 is divided by 394?
207
What is the remainder when 23765 is divided by 22945?
820
What is the remainder when 293673 is divided by 7816?
4481
What is the remainder when 166256 is divided by 1583?
41
Calculate the remainder when 193639 is divided by 78.
43
What is the remainder when 48681035 is divided by 4338?
4337
What is the remainder when 1849410 is divided by 8?
2
Calculate the remainder when 374317 is divided by 1017.
61
Calculate the remainder when 186904 is divided by 61951.
1051
What is the remainder when 63264 is divided by 2096?
384
Calculate the remainder when 262957 is divided by 10956.
13
What is the remainder when 814155 is divided by 116272?
251
Calculate the remainder when 151003 is divided by 21357.
1504
Calculate the remainder when 3459029 is divided by 1194.
11
Calculate the remainder when 327555 is divided by 65257.
1270
What is the remainder when 510885 is divided by 2940?
2265
What is the remainder when 10488539 is divided by 124?
123
Calculate the remainder when 1029634 is divided by 2756.
1646
Calculate the remainder when 147732481 is divided by 61.
58
Calculate the remainder when 451756 is divided by 1473.
1018
Calculate the remainder when 13788752 is divided by 491.
490
Calculate the remainder when 62443967 is divided by 115.
2
What is the remainder when 1089924 is divided by 51864?
780
What is the remainder when 3640134 is divided by 1358?
694
What is the remainder when 1787311 is divided by 166?
155
Calculate the remainder when 225253 is divided by 95.
8
Calculate the remainder when 354676 is divided by 354392.
284
What is the remainder when 33845588 is divided by 6639?
6605
What is the remainder when 1388753939 is divided by 15?
14
What is the remainder when 624175 is divided by 145?
95
Calculate the remainder when 986084 is divided by 95.
79
What is the remainder when 145496887 is divided by 19?
17
Calculate the remainder when 24456495 is divided by 111.
87
What is the remainder when 2226615 is divided by 238?
125
What is the remainder when 6111051 is divided by 2148?
2139
Calculate the remainder when 5020852 is divided by 7760.
132
What is the remainder when 20873 is divided by 323?
201
What is the remainder when 438178 is divided by 62586?
76
Calculate the remainder when 86371 is divided by 829.
155
Calculate the remainder when 1044721 is divided by 99.
73
Calculate the remainder when 4303487 is divided by 234.
227
What is the remainder when 5906291 is divided by 90865?
66
Calculate the remainder when 838400 is divided by 144.
32
What is the remainder when 53177 is divided by 650?
527
What is the remainder when 38752244 is divided by 646?
642
Calculate the remainder when 23524258 is divided by 117.
4
What is the remainder when 48769204 is divided by 16?
4
What is the remainder when 29674467 is divided by 16?
3
What is the remainder when 851092933 is divided by 133?
131
What is the remainder when 349862 is divided by 420?
2
What is the remainder when 1016917 is divided by 531?
52
Calculate the remainder when 24287243 is divided by 95997.
2
Calculate the remainder when 1302978 is divided by 7.
5
Calculate the remainder when 19329 is divided by 143.
24
Calculate the remainder when 9536004 is divided by 4767950.
104
Calculate the remainder when 2433846 is divided by 162.
120
Calculate the remainder when 2970740 is divided by 601.
598
Calculate the remainder when 2463036 is divided by 821006.
18
Calculate the remainder when 7327160 is divided by 77128.
0
Calculate the remainder when 26801 is divided by 25038.
1763
Calculate the remainder when 2389770 is divided by 93.
42
What is the remainder when 862885 is divided by 45415?
0
What is the remainder when 157151 is divided by 78557?
37
What is the remainder when 32146 is divided by 3954?
514
What is the remainder when 130112 is divided by 15842?
3376
What is the remainder when 106430 is divided by 4960?
2270
What is the remainder when 412120072 is divided by 177?
175
Calculate the remainder when 63985819 is divided by 204.
199
What is the remainder when 6061 is divided by 88?
77
Calculate the remainder when 419967 is divided by 104977.
59
Calculate the remainder when 814089 is divided by 271356.
21
Calculate the remainder when 35462448 is divided by 1944.
0
Calculate the remainder when 4845953 is divided by 262.
1
What is the remainder when 197032439 is divided by 132?
131
What is the remainder when 881074 is divided by 42?
40
What is the remainder when 1825467 is divided by 228171?
99
Calculate the remainder when 473939705 is divided by 4854.
4853
Calculate the remainder when 4323337 is divided by 37269.
133
Calculate the remainder when 113334 is divided by 1720.
1534
What is the remainder when 343642 is divided by 114546?
4
What is the remainder when 1314770 is divided by 1027?
210
Calculate the remainder when 163968 is divided by 40815.
708
What is the remainder when 155370382 is divided by 936?
934
What is the remainder when 116931 is divided by 235?
136
Calculate the remainder when 123496943 is divided by 11.
9
What is the remainder when 49802 is divided by 480?
362
What is the remainder when 518031 is divided by 86320?
111
Calculate the remainder when 6823042 is divided by 1372.
86
Calculate the remainder when 29951207 is divided by 62.
61
Calculate the remainder when 2642836 is divided by 62.
24
What is the remainder when 1705354 is divided by 6338?
432
Calculate the remainder when 1328138 is divided by 94.
12
What is the remainder when 2390798 is divided by 1112?
1110
What is the remainder when 36882 is divided by 3920?
1602
What is the remainder when 1142638 is divided by 95218?
22
What is the remainder when 82597 is divided by 16428?
457
What is the remainder when 3597885 is divided by 2774?
7
Calculate the remainder when 259925 is divided by 580.
85
What is the remainder when 504856 is divided by 84?
16
Calculate the remainder when 320621777 is divided by 2654.
2653
Calculate the remainder when 26270263 is divided by 24690.
103
Calculate the remainder when 65779579 is divided by 1940.
1939
Calculate the remainder when 1529014 is divided by 13531.
11
What is the remainder when 56051 is divided by 3111?
53
Calculate the remainder when 1225245 is divided by 153145.
85
Calculate the remainder when 9036802 is divided by 66447.
10
What is the remainder when 244470899 is divided by 75?
74
Calculate the remainder when 102360510 is divided by 208.
174
Calculate the remainder when 122753816 is divided by 22.
20
Calculate the remainder when 148830966 is divided by 7441547.
26
Calculate the remainder when 670102 is divided by 5583.
142
Calculate the remainder when 48870777 is divided by 184418.
7
What is the remainder when 52882102 is divided by 164?
138
What is the remainder when 2832503 is divided by 1290?
953
Calculate the remainder when 46606 is divided by 2155.
1351
What is the remainder when 114966797 is divided by 50?
47
What is the remainder when 31040421 is divided by 279?
276
Calculate the remainder when 277447133 is divided by 32.
29
What is the remainder when 554369 is divided by 1686?
1361
Calculate the remainder when 4105212 is divided by 807.
3
What is the remainder when 5505122 is divided by 1312?
1282
Calculate the remainder when 69809 is divided by 563.
560
What is